git of o?
0
Suppose -21009 + 82005 = 39*i. What is the units digit of i?
4
Suppose 9 = 39*y - 37*y - 3*o, -5*y = -2*o - 39. What is the units digit of y?
9
Suppose 4*v + 5*g - 98 = 0, -58*g = -3*v - 63*g + 76. What is the units digit of v?
2
Suppose 2*f - 2410 = 4*x + 3016, x - 5441 = -2*f. What is the units digit of f?
9
Suppose 5*r + 72 = -3. Let i = r - -207. What is the hundreds digit of i?
1
Let n(l) = -l**3 + 9*l**2 + 6*l - 12. Let h be n(8). Suppose -d - 2*f + h = -3*f, 3*d - 2*f - 301 = 0. What is the hundreds digit of d?
1
Let u = 750 + -178. What is the tens digit of u?
7
Suppose -225 = 5*d - 1690. What is the hundreds digit of d?
2
Let y(l) = 91*l - 70. What is the hundreds digit of y(12)?
0
Let r = -46 + 24. Let t = 36 + r. Let k = 49 - t. What is the tens digit of k?
3
Let a = -853 + 1644. What is the tens digit of a?
9
Let j(l) = -4*l + 1 + 4*l**2 - 7*l + 0*l**3 + l**3 + 5*l. Let g be j(-5). What is the units digit of ((-15)/g + 0)*-10?
5
Let v(c) be the third derivative of -5*c**4/12 + 7*c**3/6 + 3*c**2. What is the tens digit of v(-4)?
4
Suppose -4*a = 9*k - 4*k - 15716, 4*a = 5*k - 15724. What is the units digit of k?
4
Suppose -2*y + 3*m + 2021 = 0, 9*y - 8*y + 2*m - 1014 = 0. What is the units digit of y?
2
Let v(g) = -g**3 + 7*g**2 + 21*g - 5. Suppose 4*n = -0*z + 2*z - 30, -4*z - 3*n + 27 = 0. What is the units digit of v(z)?
2
Suppose i - 43 = -2*d, -i - 3*i = 5*d - 115. Suppose 11 = u + 2*w, w + d = 5*u - w. Suppose -4*n + x = -136, u*n = 4*x + x + 155. What is the units digit of n?
5
Let u = 122 + -189. Let d = u - -68. What is the units digit of d?
1
Let b = -18 - -12. Let w(p) = 1. Let s(d) = -d - 9. Let l(c) = s(c) + 5*w(c). What is the units digit of l(b)?
2
Let m = -1037 + 1512. What is the hundreds digit of m?
4
Suppose -4*t - w = -3*w + 26, 3*w = 3*t + 12. Let u be (t/(-24))/(1/8). Let h = 26 - u. What is the units digit of h?
3
Let x = -165 + 199. What is the tens digit of x?
3
Let y be ((-6)/(-7))/((-9)/(-63)). Suppose -2*b = b - y. Suppose -b*m - 3*m = -130. What is the units digit of m?
6
Let z be 6 + -4 + 3/1. Let b(v) = -2*v - 2 + 19 + z*v - 2*v. What is the tens digit of b(0)?
1
Let n = 1863 - 1029. What is the tens digit of n?
3
Let t be 457 + (-1)/(-2)*8. Let v = t + -272. What is the units digit of v?
9
Let m(t) = t**3 + 3*t**2 - 2*t - 4. Let q be m(-3). What is the units digit of q/(1 - (-68)/(-72))?
6
Let x be 155 + 0*4/(-12). Suppose -z = 4*w - 8*w + 232, -x = -3*w - 4*z. Suppose -8*m = -5*m - w. What is the units digit of m?
9
Let r(h) = h**3 - 7*h**2 + 5*h + 9. Let d be r(7). Suppose -f - y - 3 = -49, f = y + d. Let o = -18 + f. What is the units digit of o?
7
Suppose -c + 75 = -5*o + 230, 4*o + 5*c - 124 = 0. Let l = 61 - o. Let d = l - 5. What is the tens digit of d?
2
Let y be 0/((6 + -9)*(-1)/(-1)). Suppose -z + 2*z - 143 = y. What is the tens digit of z?
4
Let v(q) = q**2 + 7*q - 16. Let c be v(-9). Suppose 0*h - h - 36 = -z, -c*z + h = -76. What is the tens digit of z?
4
Suppose -4*x + 10 = -2*x. Suppose -4 = 2*d + x*v, -3*d - 4*v = 22 - 2. What is the tens digit of -3*(176/d + 3)?
3
Suppose -q - 1318 = -4*s - 4*q, -4*s + 1320 = 2*q. Suppose -11*z = -1970 + s. What is the units digit of z?
9
Suppose 5*u + 480 = 4*o, 0*u + 2*o = -4*u - 384. What is the units digit of (2*(-15)/10)/(9/u)?
2
Suppose -8 = 4*z - 6*z. Suppose -16 - 48 = -z*d. Let j = 1 + d. What is the tens digit of j?
1
Let y(a) = a**3 + 4*a**2 - 4*a + 1. Let n be y(-5). Let r = 1 + n. What is the tens digit of r/(-2) + 294/12?
2
Suppose 4*i - 5*i = 0. Suppose 144 = -i*l + 2*l. What is the tens digit of l?
7
What is the units digit of 78660/160 + (-9)/(-24)?
2
Let i = -763 - -1075. What is the tens digit of i?
1
Suppose 3*s = -2*j - 9, j + 0 = -5*s - 22. Suppose 0 = j*w - 0*w - 18. What is the units digit of w?
6
Let h(t) = -44 - 11 + 5*t + 11. What is the tens digit of h(19)?
5
Suppose -24*x + 27*x - 342 = 0. What is the units digit of x?
4
Suppose -2*f = 4*p - 480, -4*f - 3*p = -391 - 569. Suppose -3*o + f = -249. What is the tens digit of o?
6
Let q be (-2)/(-1) - (-64)/8. Let j = q + -1. Suppose 0 = 3*g - y - 9 - j, 0 = 4*g + 4*y - 40. What is the units digit of g?
7
Let q(c) = c**3 - 3*c**2 - 11*c - 8. What is the hundreds digit of q(8)?
2
Let f be 0/(-6) + -1*2. What is the tens digit of (2/(-3))/(-2*f/(-354))?
5
Let g(d) = -6*d**3 - 14*d**2 + 5*d - 3. Let t be g(-6). Suppose 10*w = 13*w - t. What is the hundreds digit of w?
2
What is the units digit of ((-4)/(-10) + (-12)/(-45))*87?
8
Let v(y) = -y**3 + 3*y**2 - 12*y + 1. What is the hundreds digit of v(-9)?
0
Let t = 66 - 7. Let y = 103 - t. Let m = y - 5. What is the tens digit of m?
3
Let d(g) = 6*g**2 - 14*g - 35. What is the units digit of d(-6)?
5
Let p = -1671 + 3579. What is the thousands digit of p?
1
What is the tens digit of (-4845)/(-10)*364/39?
2
What is the hundreds digit of (19 - -585)/(-1 + 0 + 2)?
6
Let o = -1062 - -1289. What is the units digit of o?
7
Suppose 2*z - 7 = 3*w, -5*z - 3*w + 6 + 1 = 0. Suppose y + y = z. Suppose 15 = -5*f, -5*f - 81 = -v + y. What is the tens digit of v?
6
What is the hundreds digit of (25 + (-135)/6)*2400/2?
0
What is the units digit of (446/5)/(2/10)?
6
Suppose -5*c = x - 1473, -2*c + 461 = -3*x - 135. Suppose -4*s - s + c = 0. Suppose -5*h + 130 = 5*y, -y + 5*h = y - s. What is the tens digit of y?
2
Let b(h) be the first derivative of -h**4/4 + 7*h**3/3 + h**2 + h - 17. What is the hundreds digit of b(-4)?
1
Let j(o) = 2*o**3 - 7*o**2 - 9*o - 35. What is the thousands digit of j(10)?
1
Let c(o) = 24*o**2 - 2*o + 1. Let i be c(-2). Let x = i + -2. What is the units digit of x?
9
Suppose 3*p = 6, 231 = 3*x + p - 368. What is the units digit of x?
9
Let z = -1379 - -2962. What is the units digit of z?
3
Let j be 2 + (-4 - -2) + 3. Suppose 4*s + 3*l = 8*l + 33, j = -s - l. Suppose c - 5*z = -s*c + 89, 0 = 2*z - 4. What is the tens digit of c?
3
Suppose 14*y + 20*y - 78438 = 0. What is the thousands digit of y?
2
What is the units digit of (2/1)/(-2 + (-540)/(-255))?
7
Let u(k) = -k**3 - 3*k**2 + 5*k - 7. Let r be (-7)/(-1)*4/14. Suppose p = y + 3, -5*y - 13 = -r*p + 8. What is the tens digit of u(y)?
1
Let d(x) = -x**2 + 59*x - 87. What is the tens digit of d(48)?
4
Let n(j) = -5*j**2 - j. Let h be n(-1). Let p(f) = f + 5. What is the units digit of p(h)?
1
Let k(j) be the second derivative of -j**4/8 - 4*j**3/3 - 3*j**2/2 - 2*j. Let h(o) be the first derivative of k(o). What is the units digit of h(-13)?
1
Suppose 0 = -o + 2, o = 3*d + d + 874. Let c = -105 - d. What is the hundreds digit of c?
1
Let g = 3819 + -2055. What is the units digit of g?
4
Suppose -3*u + 4*q = -5744, 5*u = -0*u + q + 9562. What is the units digit of u?
2
Let p(i) = 652*i**2 + 12*i + 1. What is the tens digit of p(3)?
0
Let a = 16 + -10. Suppose -i + 4*v - a = -3*i, -18 = 5*i - v. Let j = i + 26. What is the units digit of j?
3
Suppose 5*u - 7*u = -4*w - 40, 0 = 3*u - 4*w - 64. Suppose -4*s + 3*i = -18, -2*s - 5*i + 4 = -3*s. What is the tens digit of (-112)/u*(-63)/s?
4
Let o(y) = y**3 + 10*y**2 - 15*y - 8. Let j be o(-11). Suppose 3*v + 3*v - j = 0. What is the tens digit of v + 71 - (4 - 0)?
7
Let w(k) be the third derivative of k**6/60 + 19*k**5/60 + 13*k**4/12 + 13*k**3/6 - 41*k**2. What is the units digit of w(-7)?
6
Let q(b) be the third derivative of -b**6/60 + b**5/30 + 5*b**4/24 - b**3/2 - 10*b**2. Let p be q(4). Let r = -26 - p. What is the tens digit of r?
5
Let a be (-1)/((4/4*1)/(-27)). Suppose 3*b - 4*b = -a. What is the units digit of b?
7
Let p(z) = -z**2 + 1 + 15*z - 11*z + z + 8*z. What is the tens digit of p(7)?
4
What is the hundreds digit of 10526/26 - 3*12/(-234)?
4
What is the tens digit of (-110)/(-715) - 8*3568/(-26)?
9
What is the units digit of 3 - -1 - (8 + -870)?
6
Suppose 5*i - 5*z - 35 = 0, -4*i = -i - 2*z - 22. Let r be 18/i + (-2)/8. Suppose -b = r*b - 12. What is the units digit of b?
4
Suppose 2*q = 2*a + 3*q - 116, 3*a = -4*q + 179. What is the units digit of a?
7
Suppose -7 = -2*o - 3. Suppose -3*q + 7 = -o*q. Let n = q - 5. What is the units digit of n?
2
Let m be -1*0*2/8. Suppose m = 2*f + 4*b - 6*b - 260, -2*f = -5*b - 254. Suppose -f + 16 = -4*d. What is the tens digit of d?
2
Let n = 62 + -59. Suppose n